{"id":268,"date":"2025-04-22T09:21:18","date_gmt":"2025-04-22T09:21:18","guid":{"rendered":"https:\/\/vicentevela.es\/?page_id=268"},"modified":"2025-05-13T16:40:33","modified_gmt":"2025-05-13T16:40:33","slug":"arte-contemporaneo","status":"publish","type":"page","link":"https:\/\/vicentevela.es\/index.php\/arte-contemporaneo\/","title":{"rendered":"ARTE CONTEMPORANEO"},"content":{"rendered":"<div class=\"gb-container gb-container-41deca20 alignfull\" style=\"--background-image: url(https:\/\/vicentevela.es\/wp-content\/uploads\/2025\/03\/El-Mediterraneo-scaled.jpg);\">\n\n<div class=\"wp-block-greenshift-blocks-container gspb_container gspb_container-gsbp-3ce6e8f\" id=\"gspb_container-id-gsbp-3ce6e8f\" data-aos=\"fade\" data-aos-easing=\"ease\" data-aos-duration=\"800\"><div class=\"gspb_backgroundOverlay\"><\/div>\n<p class=\"has-large-font-size\" style=\"margin-top:var(--wp--preset--spacing--40);margin-right:var(--wp--preset--spacing--40);margin-bottom:var(--wp--preset--spacing--40);margin-left:var(--wp--preset--spacing--40);padding-top:var(--wp--preset--spacing--30);padding-right:var(--wp--preset--spacing--40);padding-bottom:var(--wp--preset--spacing--30);padding-left:var(--wp--preset--spacing--40)\">El arte es para m\u00ed mucho m\u00e1s importante que la realizaci\u00f3n de un producto comercial.<\/p>\n\n\n\n<p class=\"has-medium-font-size\" style=\"margin-top:var(--wp--preset--spacing--40);margin-right:var(--wp--preset--spacing--40);margin-bottom:var(--wp--preset--spacing--40);margin-left:var(--wp--preset--spacing--40);padding-top:var(--wp--preset--spacing--30);padding-right:var(--wp--preset--spacing--40);padding-bottom:var(--wp--preset--spacing--30);padding-left:var(--wp--preset--spacing--40);font-style:italic;font-weight:500\">Ah\u00ed est\u00e1 depositado todo mi ser y pintar es casi un acto religioso donde cuenta m\u00e1s el trance de hacerlo que el resultado. Estar esperando vender un cuadro es como vender el alma al diablo.<\/p>\n\n\n\n<p class=\"has-medium-font-size\" style=\"margin-top:var(--wp--preset--spacing--40);margin-right:var(--wp--preset--spacing--40);margin-bottom:var(--wp--preset--spacing--40);margin-left:var(--wp--preset--spacing--40);padding-top:var(--wp--preset--spacing--30);padding-right:var(--wp--preset--spacing--40);padding-bottom:var(--wp--preset--spacing--30);padding-left:var(--wp--preset--spacing--40);font-style:italic;font-weight:500\">Yo no he querido quedarme al margen de la parte comercial del arte sino que esa parte comercial me ha dejado al margen a m\u00ed.<\/p>\n\n\n\n<p class=\"has-medium-font-size\" style=\"margin-top:var(--wp--preset--spacing--40);margin-right:var(--wp--preset--spacing--40);margin-bottom:var(--wp--preset--spacing--40);margin-left:var(--wp--preset--spacing--40);padding-top:var(--wp--preset--spacing--30);padding-right:var(--wp--preset--spacing--40);padding-bottom:var(--wp--preset--spacing--30);padding-left:var(--wp--preset--spacing--40);font-style:italic;font-weight:500\">En los a\u00f1os 60 pintaba cuadritos abstractos, que los hac\u00eda con cierta facilidad y los vend\u00eda a trav\u00e9s de una galer\u00eda o directamente a compradores de Am\u00e9rica. Esa f\u00f3rmula me result\u00f3 cada vez m\u00e1s aburrida y eso me hizo evolucionar hacia una pintura con m\u00e1s intenci\u00f3n, sacando m\u00e1s mi personalidad tr\u00e1gica del Sur. Empez\u00f3 a haber menos gente capaz de colgar un cuadro m\u00edo en su casa.<\/p>\n\n\n\n<p class=\"has-medium-font-size\" style=\"margin-top:var(--wp--preset--spacing--40);margin-right:var(--wp--preset--spacing--40);margin-bottom:var(--wp--preset--spacing--40);margin-left:var(--wp--preset--spacing--40);padding-top:var(--wp--preset--spacing--30);padding-right:var(--wp--preset--spacing--40);padding-bottom:var(--wp--preset--spacing--30);padding-left:var(--wp--preset--spacing--40);font-style:italic;font-weight:500\">Un d\u00eda <strong>Gustavo Torner<\/strong> me dijo \u201c- <em>ya s\u00e9 por qu\u00e9 Vicente es tan tranquilo y es que suelta todos sus traumas en sus cuadros\u201d.<\/em><\/p>\n\n\n\n<p class=\"has-medium-font-size\" style=\"margin-top:var(--wp--preset--spacing--40);margin-right:var(--wp--preset--spacing--40);margin-bottom:var(--wp--preset--spacing--40);margin-left:var(--wp--preset--spacing--40);padding-top:var(--wp--preset--spacing--30);padding-right:var(--wp--preset--spacing--40);padding-bottom:var(--wp--preset--spacing--30);padding-left:var(--wp--preset--spacing--40);font-style:italic;font-weight:500\">Con el tiempo he podido solucionar mi parte vivencial y se me han quitado las ganas de comercializar nada. He pintado lo que he querido sin pensar a quien puede gustarle o en un posible comprador, es m\u00e1s cuando sale un cuadro m\u00edo en una subasta si puedo lo compro .<\/p>\n\n\n\n<p class=\"has-medium-font-size\" style=\"margin-top:var(--wp--preset--spacing--40);margin-right:var(--wp--preset--spacing--40);margin-bottom:var(--wp--preset--spacing--40);margin-left:var(--wp--preset--spacing--40);padding-top:var(--wp--preset--spacing--30);padding-right:var(--wp--preset--spacing--40);padding-bottom:var(--wp--preset--spacing--30);padding-left:var(--wp--preset--spacing--40);font-style:italic;font-weight:500\">Para ser pintor y pintar lo que quieres o eres rico o te buscas la vida por donde puedas.<\/p>\n\n\n\n<p class=\"has-medium-font-size\" style=\"margin-top:var(--wp--preset--spacing--40);margin-right:var(--wp--preset--spacing--40);margin-bottom:var(--wp--preset--spacing--40);margin-left:var(--wp--preset--spacing--40);padding-top:var(--wp--preset--spacing--30);padding-right:var(--wp--preset--spacing--40);padding-bottom:var(--wp--preset--spacing--30);padding-left:var(--wp--preset--spacing--40);font-style:italic;font-weight:500\">En la Espa\u00f1a de los a\u00f1os 50, 60 y 70 vivir del arte era imposible ni siquiera haciendo el sacrificio de marcharte fuera (he visto en Par\u00eds y en Nueva York buenos pintores espa\u00f1oles viviendo muy mal) adem\u00e1s para m\u00ed el arte es algo mucho m\u00e1s importante que hacer una peque\u00f1a f\u00e1brica de productos que se venden.<\/p>\n\n\n\n<p class=\"has-medium-font-size\" style=\"margin-top:var(--wp--preset--spacing--40);margin-right:var(--wp--preset--spacing--40);margin-bottom:var(--wp--preset--spacing--40);margin-left:var(--wp--preset--spacing--40);padding-top:var(--wp--preset--spacing--30);padding-right:var(--wp--preset--spacing--40);padding-bottom:var(--wp--preset--spacing--30);padding-left:var(--wp--preset--spacing--40);font-style:italic;font-weight:600\">Pintar un cuadro es un acto casi religioso donde cuenta m\u00e1s el trance de hacerlo que el resultado .<\/p>\n<\/div>\n\n<\/div>\n\n<div class=\"gb-container gb-container-f5836011 alignfull\">\n\n<p><br>Vicente Vela Garc\u00eda (Algeciras, 1931-Madrid, 2015)<\/p>\n\n\n\n<p>En Jerez de la Frontera comienza sus estudios de bachillerato en el instituto Coloma y all\u00ed se produce uno de los encuentros m\u00e1s enriquecedores para su futuro como artista pl\u00e1stico: uno de sus profesores, Alberto Dur\u00e1n, le present\u00f3 al asesor de publicidad de las bodegas Palomino y Vergara, Luis Gonz\u00e1lez Robles (1916-2003), promotor de exposiciones, cr\u00edtico de arte y futuro director del Museo Espa\u00f1ol de Arte Contempor\u00e1neo (1968-1974). Una de las tres personas que marcar\u00e1n su proyecci\u00f3n art\u00edstica.<\/p>\n\n\n\n<p>El paso previo lo tendr\u00eda en el estudio de Miguel Varr\u00f3n y luego en la Escuela de Artes y Oficios, en la que conocer\u00eda a Carlos Ayala, Joaqu\u00edn Ca\u00f1ete, Manolo Daza, Eladio Gil, Jes\u00fas Gonz\u00e1lez, Juan Guti\u00e9rrez Montiel y Juan Padilla, entre otros, que con el tiempo se consolidar\u00edan como futuros creadores de una gran generaci\u00f3n de artistas jerezanos.<\/p>\n\n\n\n<p>No hab\u00eda dudas de que su paso definitivo era continuar su formaci\u00f3n en la Escuela de Bellas Artes de Santa Isabel de Hungr\u00eda en Sevilla y de all\u00ed pasar a la Academia de Bellas Artes de San Fernando en Madrid (1952 a 1957), en la que conocer\u00eda a Eduardo Sanz, Alfredo Alca\u00edn, Antonio Zarco, Isabel Villar y C\u00e9sar Olmos.<\/p>\n\n\n\n<p>En Madrid fue decisivo su rencuentro con Luis Gonz\u00e1lez Robles, cuyo mejor consejo fue \u201c[ded\u00edcate] a trabajar, a vivir para el trabajo y a tener aspiraciones\u201d. Ese trabajo duro fue el que le condujo directamente al mundo de las exposiciones, que inici\u00f3, casi sin tiempo para respirar lo que hab\u00eda aprendido, al a\u00f1o siguiente, en 1958, con 27 a\u00f1os.<\/p>\n\n\n\n<p> Texto de <strong>Andr\u00e9s Bolufer<\/strong>  para el cat\u00e1logo \u00abLa Creaci\u00f3n que no cesa\u00bb  en Algeciras 2025<\/p>\n\n<\/div>\n\n<div class=\"gb-container gb-container-1b4afcb7 alignfull\">\n<div class=\"gb-container gb-container-2d8b11a6 alignfull\">\n\n<h3 class=\"wp-block-heading\" id=\"exposiciones-individuales-ordenadas-por-ano\"> EXPOSICIONES INDIVIDUALES (ordenadas por a\u00f1o)<\/h3>\n\n\n\n<p><strong>1958<\/strong><\/p>\n\n\n\n<ul class=\"wp-block-list\">\n<li>Madrid: Galer\u00eda Clar\u00edn Barcelona: Galer\u00eda Jard\u00edn<\/li>\n<\/ul>\n\n\n\n<p><strong>1960<\/strong><\/p>\n\n\n\n<ul class=\"wp-block-list\">\n<li>Madrid: Ateneo de Madrid<\/li>\n<\/ul>\n\n\n\n<p><strong>1961<\/strong><\/p>\n\n\n\n<ul class=\"wp-block-list\">\n<li>C\u00f3rdoba: Sala Liceo C\u00edrculo de la Amistad <\/li>\n\n\n\n<li>C\u00f3rdoba: C\u00edrculo de la Amistad<\/li>\n<\/ul>\n\n\n\n<p><strong>1962<\/strong><\/p>\n\n\n\n<ul class=\"wp-block-list\">\n<li>Madrid: Ateneo <\/li>\n\n\n\n<li>Madrid: Galer\u00eda San Jorge<\/li>\n<\/ul>\n\n\n\n<p><strong>1963<\/strong><\/p>\n\n\n\n<ul class=\"wp-block-list\">\n<li>N\u00e1poles: Galer\u00eda Il Centro <\/li>\n\n\n\n<li>M\u00e9xico: Instituto de Cultura<\/li>\n<\/ul>\n\n\n\n<p><strong>1965<\/strong><\/p>\n\n\n\n<ul class=\"wp-block-list\">\n<li>Londres: Galer\u00eda Renault<\/li>\n<\/ul>\n\n\n\n<p><strong>1965-1966 (Marruecos)<\/strong><\/p>\n\n\n\n<ul class=\"wp-block-list\">\n<li>Rabat: Bad Rouah (1965 y 1966) <\/li>\n\n\n\n<li>Casablanca: Escuela de Bellas Artes <\/li>\n\n\n\n<li>T\u00e1nger: Escuela de Bellas Artes<\/li>\n<\/ul>\n\n\n\n<p><strong>1965<\/strong><\/p>\n\n\n\n<ul class=\"wp-block-list\">\n<li>Madrid: Ateneo Sala Catalina<\/li>\n<\/ul>\n\n\n\n<p><strong>1967<\/strong><\/p>\n\n\n\n<ul class=\"wp-block-list\">\n<li>Madrid: Galer\u00eda Kreisler<\/li>\n\n\n\n<li> Zaragoza: Galer\u00eda Galdeano <\/li>\n\n\n\n<li>Barcelona: Galer\u00eda Ten<\/li>\n<\/ul>\n\n\n\n<p><strong>1969<\/strong><\/p>\n\n\n\n<ul class=\"wp-block-list\">\n<li>Barcelona: Galer\u00eda Ten<\/li>\n<\/ul>\n\n\n\n<p><strong>1970<\/strong><\/p>\n\n\n\n<ul class=\"wp-block-list\">\n<li>Madrid: Museo Espa\u00f1ol de Arte Contempor\u00e1neo <\/li>\n\n\n\n<li>Santa Cruz de Tenerife: Galer\u00eda de la Playa<\/li>\n<\/ul>\n\n\n\n<p><strong>1972<\/strong><\/p>\n\n\n\n<ul class=\"wp-block-list\">\n<li>Madrid: Galer\u00eda Rayuela<\/li>\n<\/ul>\n\n\n\n<p><strong>1973<\/strong><\/p>\n\n\n\n<ul class=\"wp-block-list\">\n<li>Madrid: Galer\u00eda Skira<\/li>\n<\/ul>\n\n\n\n<p><strong>1974<\/strong><\/p>\n\n\n\n<ul class=\"wp-block-list\">\n<li>C\u00e1diz: Caja de Ahorros de C\u00e1diz <\/li>\n\n\n\n<li>Zaragoza: Galer\u00eda Prisma<\/li>\n\n\n\n<li> Frankfurt: Deutsch-Amerikanische <\/li>\n\n\n\n<li>Barcelona: Inauguraci\u00f3n Galer\u00eda Nartex<\/li>\n<\/ul>\n\n\n\n<p><strong>1977<\/strong><\/p>\n\n\n\n<ul class=\"wp-block-list\">\n<li>Madrid: Galer\u00eda Rayela (presentaci\u00f3n libro)<\/li>\n<\/ul>\n\n\n\n<p><strong>1978<\/strong><\/p>\n\n\n\n<ul class=\"wp-block-list\">\n<li>Palma de Mallorca: Galer\u00eda Joaqu\u00edn Mir <\/li>\n\n\n\n<li>Madrid: Galer\u00eda Rayuela<\/li>\n<\/ul>\n\n\n\n<p><strong>1981<\/strong><\/p>\n\n\n\n<ul class=\"wp-block-list\">\n<li>Madrid: Galer\u00eda Kreisler Dos<\/li>\n<\/ul>\n\n\n\n<p><strong>1985<\/strong><\/p>\n\n\n\n<ul class=\"wp-block-list\">\n<li>C\u00f3rdoba: Galer\u00eda Marco Inurria<\/li>\n<\/ul>\n\n\n\n<p><strong>1988<\/strong><\/p>\n\n\n\n<ul class=\"wp-block-list\">\n<li>Madrid: Galer\u00eda Juan Gris<\/li>\n<\/ul>\n\n\n\n<p><strong>1991<\/strong><\/p>\n\n\n\n<ul class=\"wp-block-list\">\n<li>Madrid: Galer\u00eda Alvar<\/li>\n<\/ul>\n\n\n\n<p><strong>1994<\/strong><\/p>\n\n\n\n<ul class=\"wp-block-list\">\n<li>Jerez: Galer\u00eda Trinidad Guti\u00e9rrez <\/li>\n\n\n\n<li>Madrid: Galer\u00eda Rayuela<\/li>\n<\/ul>\n\n\n\n<p><strong>2000<\/strong><\/p>\n\n\n\n<ul class=\"wp-block-list\">\n<li>Madrid: Centro Cultural Conde Duque<\/li>\n<\/ul>\n\n\n\n<p><strong>2001<\/strong><\/p>\n\n\n\n<ul class=\"wp-block-list\">\n<li>Jerez: Sala San Fernando<\/li>\n<\/ul>\n\n\n\n<p><strong>2003<\/strong><\/p>\n\n\n\n<ul class=\"wp-block-list\">\n<li>Murcia: Palacio Almud\u00ed<\/li>\n<\/ul>\n\n\n\n<p><strong>2004<\/strong><\/p>\n\n\n\n<ul class=\"wp-block-list\">\n<li>Madrid: Galer\u00eda de Arte Detursa<\/li>\n<\/ul>\n\n\n\n<h3 class=\"wp-block-heading\" id=\"exposiciones-colectivas-ordenadas-por-ano\">EXPOSICIONES COLECTIVAS (ordenadas por a\u00f1o)<\/h3>\n\n\n\n<p><strong>1958<\/strong><\/p>\n\n\n\n<ul class=\"wp-block-list\">\n<li>Madrid: Club Urbis (Arte Espa\u00f1ol de Vanguardia) Venecia: XXIX Bienal<\/li>\n<\/ul>\n\n\n\n<p><strong>1959<\/strong><\/p>\n\n\n\n<ul class=\"wp-block-list\">\n<li>M\u00fanich: Junge Spanische Maler <\/li>\n\n\n\n<li>R\u00edo de Janeiro: Espacio y color&#8230; <\/li>\n\n\n\n<li>Par\u00eds: 13 Pintores espa\u00f1oles actuales<\/li>\n\n\n\n<li> Suiza: Basilea (Kunsthalle) <\/li>\n\n\n\n<li>Suiza: Friburgo (La Joven pintura espa\u00f1ola) <\/li>\n\n\n\n<li>Tokio: V Exposici\u00f3n Internacional <\/li>\n\n\n\n<li>Lisboa: 20 a\u00f1os de pintura espa\u00f1ola contempor\u00e1nea <\/li>\n\n\n\n<li>S\u00e3o Paulo: V Bienal<\/li>\n<\/ul>\n\n\n\n<p><strong>1960<\/strong><\/p>\n\n\n\n<ul class=\"wp-block-list\">\n<li>Madrid: Galer\u00eda Lorca (Constantes de la pintura espa\u00f1ola) <\/li>\n\n\n\n<li>Berl\u00edn, Bonn, Helsinki: Arte espa\u00f1ol actual (itinerante) <\/li>\n\n\n\n<li>Aschaffenburg: Arte actual espa\u00f1ol <\/li>\n\n\n\n<li>Londres: Galer\u00eda Renault <\/li>\n\n\n\n<li>Barcelona: Homenaje a Vel\u00e1zquez<\/li>\n\n\n\n<li> Colombia, Argentina, Per\u00fa, Uruguay: Itinerantes <\/li>\n\n\n\n<li>Bogot\u00e1: Itinerante <\/li>\n\n\n\n<li>Goteborg: Joven pintura espa\u00f1ola<\/li>\n<\/ul>\n\n\n\n<p><strong>1961<\/strong><\/p>\n\n\n\n<ul class=\"wp-block-list\">\n<li>Madrid: Galer\u00eda Nebli (4 pintores actuales&#8230;) <\/li>\n\n\n\n<li>Santander: Galer\u00eda Sur <\/li>\n\n\n\n<li>N\u00e1poles, Mil\u00e1n, Bolonia: Pintura moderna espa\u00f1ola <\/li>\n\n\n\n<li>Wolframs Eschenbach: Pintura internacional<\/li>\n\n\n\n<li> Bonn, Berl\u00edn: Arte espa\u00f1ol actual<\/li>\n<\/ul>\n\n\n\n<p><strong>1962<\/strong><\/p>\n\n\n\n<ul class=\"wp-block-list\">\n<li>Madrid: Museo de Arte Contempor\u00e1neo (Testimonio 70) <\/li>\n\n\n\n<li>Par\u00eds: Dar a Conocer<\/li>\n<\/ul>\n\n\n\n<p><strong>1963<\/strong><\/p>\n\n\n\n<ul class=\"wp-block-list\">\n<li>Madrid: Itinerante por Espa\u00f1a <\/li>\n\n\n\n<li>Barcelona: Arte de Espa\u00f1a y Am\u00e9rica <\/li>\n\n\n\n<li>R\u00edo de Janeiro: Museo de Arte Moderno <\/li>\n\n\n\n<li>N\u00e1poles: Colectiva <\/li>\n\n\n\n<li>M\u00e9xico: Arte espa\u00f1ol en M\u00e9xico<\/li>\n<\/ul>\n\n\n\n<p><strong>1964<\/strong><\/p>\n\n\n\n<ul class=\"wp-block-list\">\n<li>Madrid: Palacio del Retiro (XXV a\u00f1os de arte espa\u00f1ol) <\/li>\n\n\n\n<li>Barcelona: VIII Sal\u00f3n de Mayo <\/li>\n\n\n\n<li>Suiza: Berna (Arte de Espa\u00f1a y Am\u00e9rica) <\/li>\n\n\n\n<li>Lisboa: 24 artistas espa\u00f1oles en Lisboa<\/li>\n\n\n\n<li> Nueva York: Feria Mundial (pintores contempor\u00e1neos)<\/li>\n<\/ul>\n\n\n\n<p><strong>1965<\/strong><\/p>\n\n\n\n<ul class=\"wp-block-list\">\n<li>Matera: Nuevas tendencias <\/li>\n\n\n\n<li>\u00c1frica: Semana de Espa\u00f1a, Rabat<\/li>\n<\/ul>\n\n\n\n<p><strong>1966<\/strong><\/p>\n\n\n\n<ul class=\"wp-block-list\">\n<li>Madrid: <\/li>\n\n\n\n<li>XXXIII Bienal de Venecia <\/li>\n\n\n\n<li>\u00c1frica: T\u00e1nger, Casablanca, Pretoria <\/li>\n\n\n\n<li>Soria: Museo del Toro<\/li>\n<\/ul>\n\n\n\n<p><strong>1969<\/strong><\/p>\n\n\n\n<ul class=\"wp-block-list\">\n<li>S\u00e3o Paulo: X Bienal<\/li>\n<\/ul>\n\n\n\n<p><strong>1970<\/strong><\/p>\n\n\n\n<ul class=\"wp-block-list\">\n<li>Madrid: Premio Internacional de Dibujo <\/li>\n\n\n\n<li>Bremen: Galer\u00eda Cedisek (Testimonio 70) <\/li>\n\n\n\n<li>Montpelier: Testimonio 70 <\/li>\n\n\n\n<li>Austria: VII Exposici\u00f3n de arte gr\u00e1fico <\/li>\n\n\n\n<li>Ginebra: 7 artistas de hoy<\/li>\n<\/ul>\n\n\n\n<p><strong>1971<\/strong><\/p>\n\n\n\n<ul class=\"wp-block-list\">\n<li>Madrid: Club Internacional de Prensa <\/li>\n\n\n\n<li>Gante: Jorge Spanse Kunst <\/li>\n\n\n\n<li>Santillana del Mar: Colectiva<\/li>\n<\/ul>\n\n\n\n<p><strong>1972<\/strong><\/p>\n\n\n\n<ul class=\"wp-block-list\">\n<li>La Haya: Testimonio 70<\/li>\n<\/ul>\n\n\n\n<p><strong>1974<\/strong><\/p>\n\n\n\n<ul class=\"wp-block-list\">\n<li>M\u00fanich: Arte espa\u00f1ol <\/li>\n\n\n\n<li>Bruselas: Arte espa\u00f1ol de hoy<\/li>\n<\/ul>\n\n\n\n<p><strong>1975<\/strong><\/p>\n\n\n\n<ul class=\"wp-block-list\">\n<li>Lanzarote: Galer\u00eda El Aljibe <\/li>\n\n\n\n<li>Bilbao: Galer\u00eda L\u00fazaro<\/li>\n<\/ul>\n\n\n\n<p><strong>1976<\/strong><\/p>\n\n\n\n<ul class=\"wp-block-list\">\n<li>Bremen, Gante, La Haya, Londres, M\u00f3naco: Tres tendencias&#8230;<\/li>\n<\/ul>\n\n\n\n<p><strong>1977<\/strong><\/p>\n\n\n\n<ul class=\"wp-block-list\">\n<li>La Habana: Pintura contempor\u00e1nea en La Habana<\/li>\n<\/ul>\n\n\n\n<p><strong>1980<\/strong><\/p>\n\n\n\n<ul class=\"wp-block-list\">\n<li>Madrid: Feria del Campo (Homenaje a Nicaragua)<\/li>\n\n\n\n<li> Le\u00f3n: Homenaje a Picasso <\/li>\n\n\n\n<li>Madrid: Club Amigos de la UNESCO<\/li>\n<\/ul>\n\n\n\n<p><strong>1981<\/strong><\/p>\n\n\n\n<ul class=\"wp-block-list\">\n<li>Copenhague, Helsinki, Oslo: Forma y materia&#8230;<\/li>\n<\/ul>\n\n\n\n<p><strong>1982<\/strong><\/p>\n\n\n\n<ul class=\"wp-block-list\">\n<li>Bilbao: Pintores de Andaluc\u00eda<\/li>\n<\/ul>\n\n\n\n<p><strong>1983<\/strong><\/p>\n\n\n\n<ul class=\"wp-block-list\">\n<li>C\u00f3rdoba: 29 pintores andaluces actuales<\/li>\n<\/ul>\n\n\n\n<p><strong>1984<\/strong><\/p>\n\n\n\n<ul class=\"wp-block-list\">\n<li>Jerez: Claustros de Santo Domingo <\/li>\n\n\n\n<li>Madrid: Homenaje a Ra\u00fal Ch\u00e1varri <\/li>\n\n\n\n<li>C\u00f3rdoba: Posada del Potro<\/li>\n<\/ul>\n\n\n\n<p><strong>1985<\/strong><\/p>\n\n\n\n<ul class=\"wp-block-list\">\n<li>Madrid: Artistas en Madrid<\/li>\n<\/ul>\n\n\n\n<p><strong>1986<\/strong><\/p>\n\n\n\n<ul class=\"wp-block-list\">\n<li>Sevilla: Maestros de la Pintura Contempor\u00e1nea<\/li>\n<\/ul>\n\n\n\n<p><strong>1987<\/strong><\/p>\n\n\n\n<ul class=\"wp-block-list\">\n<li>Madrid: El Flamenco en el Arte Actual<\/li>\n<\/ul>\n\n\n\n<p><strong>1988<\/strong><\/p>\n\n\n\n<ul class=\"wp-block-list\">\n<li>Sevilla: Arte a Diario<\/li>\n<\/ul>\n\n\n\n<p><strong>1990<\/strong><\/p>\n\n\n\n<ul class=\"wp-block-list\">\n<li>Madrid: Arte de los 60<\/li>\n<\/ul>\n\n\n\n<p><strong>1991<\/strong><\/p>\n\n\n\n<ul class=\"wp-block-list\">\n<li>Madrid: Homenaje a Camilo Jos\u00e9 Cela <\/li>\n\n\n\n<li>Madrid: Expresi\u00f3n Pl\u00e1stica sobre Papel <\/li>\n\n\n\n<li>C\u00f3rdoba: Vanguardia espa\u00f1ola<\/li>\n<\/ul>\n\n\n\n<p><strong>1999<\/strong><\/p>\n\n\n\n<ul class=\"wp-block-list\">\n<li>Cuenca: Obra Gr\u00e1fica Cayuela<\/li>\n<\/ul>\n\n\n\n<p><strong>2000<\/strong><\/p>\n\n\n\n<ul class=\"wp-block-list\">\n<li>Jerez: Palacio de Villavicencio<\/li>\n<\/ul>\n\n\n\n<p><strong>2002<\/strong><\/p>\n\n\n\n<ul class=\"wp-block-list\">\n<li>Sevilla: Andaluc\u00eda y la Modernidad <\/li>\n\n\n\n<li>Zaragoza: CAI-Sala Luz\u00e1n<\/li>\n<\/ul>\n\n\n\n<p><strong>2004<\/strong><\/p>\n\n\n\n<ul class=\"wp-block-list\">\n<li>Toledo: \u201cQuixote\u201d<\/li>\n<\/ul>\n\n\n\n<p><strong>2005<\/strong><\/p>\n\n\n\n<ul class=\"wp-block-list\">\n<li>Madrid: Casa de la Moneda (Don Quijote en el Arte) <\/li>\n\n\n\n<li>C\u00f3rdoba: El oscuro \u00edmpetu mugiente del toro<\/li>\n<\/ul>\n\n\n\n<p><strong>2006<\/strong><\/p>\n\n\n\n<ul class=\"wp-block-list\">\n<li>\u00c1guilas: Centro Cultural<\/li>\n<\/ul>\n\n\n\n<p><strong>Exposiciones individuales:<\/strong> <strong>52<\/strong><\/p>\n\n\n\n<p><strong>Exposiciones colectivas:<\/strong> <strong>108<\/strong><\/p>\n\n<\/div>\n<\/div>\n\n\n<p><\/p>\n","protected":false},"excerpt":{"rendered":"<p>Vicente Vela Garc\u00eda (Algeciras, 1931-Madrid, 2015) En Jerez de la Frontera comienza sus estudios de bachillerato en el instituto Coloma [&hellip;]<\/p>\n","protected":false},"author":1,"featured_media":0,"parent":0,"menu_order":0,"comment_status":"closed","ping_status":"closed","template":"","meta":{"_gspb_post_css":".gspb_container-id-gsbp-3ce6e8f{flex-direction:column;box-sizing:border-box}#gspb_container-id-gsbp-3ce6e8f.gspb_container>p:last-of-type{margin-bottom:0}#gspb_container-id-gsbp-3ce6e8f.gspb_container{position:relative;margin:300px 300px 100px 200px;padding-top:em}@media (max-width:575.98px){#gspb_container-id-gsbp-3ce6e8f.gspb_container{margin:0}}#gspb_container-id-gsbp-3ce6e8f.gspb_container,#gspb_container-id-gsbp-3ce6e8f.gspb_container>.gspb_backgroundOverlay{border-top-left-radius:25px;border-top-right-radius:25px;border-bottom-right-radius:25px;border-bottom-left-radius:25px}#gspb_container-id-gsbp-3ce6e8f.gspb_container{border-style:solid;border-width:1px;border-color:#00000012;background-color:#f0f5fa70;mask-image:linear-gradient(to left,hsl(0 0% 0%\/0),hsl(0 0% 0%\/.88) 2%,hsl(0 0% 0%\/.88) 98%,hsl(0 0% 0%\/0));transition-duration:.8s;transition-timing-function:var(--gs-root-animation-easing, cubic-bezier(0.42, 0, 0.58, 1));opacity:var(--gs-root-animation-opacity, 0);transition-property:opacity,transform,filter}#gspb_container-id-gsbp-3ce6e8f.gspb_container>.gspb_backgroundOverlay{opacity:.13}#gspb_container-id-gsbp-3ce6e8f.gspb_container.aos-animate,#gspb_container-id-gsbp-3ce6e8f.gspb_container[data-gs-aos]{opacity:1;transform:translateZ(0)}","site-sidebar-layout":"default","site-content-layout":"","ast-site-content-layout":"","site-content-style":"default","site-sidebar-style":"default","ast-global-header-display":"","ast-banner-title-visibility":"","ast-main-header-display":"","ast-hfb-above-header-display":"","ast-hfb-below-header-display":"","ast-hfb-mobile-header-display":"","site-post-title":"","ast-breadcrumbs-content":"","ast-featured-img":"","footer-sml-layout":"","theme-transparent-header-meta":"","adv-header-id-meta":"","stick-header-meta":"","header-above-stick-meta":"","header-main-stick-meta":"","header-below-stick-meta":"","astra-migrate-meta-layouts":"default","ast-page-background-enabled":"default","ast-page-background-meta":{"desktop":{"background-color":"var(--ast-global-color-4)","background-image":"","background-repeat":"repeat","background-position":"center center","background-size":"auto","background-attachment":"scroll","background-type":"","background-media":"","overlay-type":"","overlay-color":"","overlay-opacity":"","overlay-gradient":""},"tablet":{"background-color":"","background-image":"","background-repeat":"repeat","background-position":"center center","background-size":"auto","background-attachment":"scroll","background-type":"","background-media":"","overlay-type":"","overlay-color":"","overlay-opacity":"","overlay-gradient":""},"mobile":{"background-color":"","background-image":"","background-repeat":"repeat","background-position":"center center","background-size":"auto","background-attachment":"scroll","background-type":"","background-media":"","overlay-type":"","overlay-color":"","overlay-opacity":"","overlay-gradient":""}},"ast-content-background-meta":{"desktop":{"background-color":"var(--ast-global-color-5)","background-image":"","background-repeat":"repeat","background-position":"center center","background-size":"auto","background-attachment":"scroll","background-type":"","background-media":"","overlay-type":"","overlay-color":"","overlay-opacity":"","overlay-gradient":""},"tablet":{"background-color":"var(--ast-global-color-5)","background-image":"","background-repeat":"repeat","background-position":"center center","background-size":"auto","background-attachment":"scroll","background-type":"","background-media":"","overlay-type":"","overlay-color":"","overlay-opacity":"","overlay-gradient":""},"mobile":{"background-color":"var(--ast-global-color-5)","background-image":"","background-repeat":"repeat","background-position":"center center","background-size":"auto","background-attachment":"scroll","background-type":"","background-media":"","overlay-type":"","overlay-color":"","overlay-opacity":"","overlay-gradient":""}},"footnotes":""},"class_list":["post-268","page","type-page","status-publish","hentry"],"_links":{"self":[{"href":"https:\/\/vicentevela.es\/index.php\/wp-json\/wp\/v2\/pages\/268","targetHints":{"allow":["GET"]}}],"collection":[{"href":"https:\/\/vicentevela.es\/index.php\/wp-json\/wp\/v2\/pages"}],"about":[{"href":"https:\/\/vicentevela.es\/index.php\/wp-json\/wp\/v2\/types\/page"}],"author":[{"embeddable":true,"href":"https:\/\/vicentevela.es\/index.php\/wp-json\/wp\/v2\/users\/1"}],"replies":[{"embeddable":true,"href":"https:\/\/vicentevela.es\/index.php\/wp-json\/wp\/v2\/comments?post=268"}],"version-history":[{"count":37,"href":"https:\/\/vicentevela.es\/index.php\/wp-json\/wp\/v2\/pages\/268\/revisions"}],"predecessor-version":[{"id":404,"href":"https:\/\/vicentevela.es\/index.php\/wp-json\/wp\/v2\/pages\/268\/revisions\/404"}],"wp:attachment":[{"href":"https:\/\/vicentevela.es\/index.php\/wp-json\/wp\/v2\/media?parent=268"}],"curies":[{"name":"wp","href":"https:\/\/api.w.org\/{rel}","templated":true}]}}