{"id":292,"date":"2025-05-04T11:21:59","date_gmt":"2025-05-04T11:21:59","guid":{"rendered":"https:\/\/vicentevela.es\/?page_id=292"},"modified":"2025-05-14T18:11:31","modified_gmt":"2025-05-14T18:11:31","slug":"escenografias-y-mas","status":"publish","type":"page","link":"https:\/\/vicentevela.es\/index.php\/escenografias-y-mas\/","title":{"rendered":"ESCENOGRAF\u00cdAS Y M\u00c1S"},"content":{"rendered":"<div class=\"gb-container gb-container-e48573b9\">\n<div class=\"gb-container gb-container-089f55f3 alignfull\">\n\n<p class=\"has-medium-font-size\" style=\"margin-top:var(--wp--preset--spacing--50);margin-right:var(--wp--preset--spacing--50);margin-bottom:var(--wp--preset--spacing--50);margin-left:var(--wp--preset--spacing--50)\"><br><em>Yo he sido siempre un gran trabajador y a pesar de haber empleado parte de mi tiempo en el dise\u00f1o eso no ha restado el haber hecho m\u00e1s de 50 exposiciones individuales en Espa\u00f1a y fuera de ella. He participado en cert\u00e1menes internacionales, bienales y muestras colectivas que suman en mi haber m\u00e1s de 150 participaciones.  Me ha sobrado tiempo para hacer escenograf\u00edas de teatro para Antonio Gala, <em>Jaime Salom<\/em><\/em>,<em> Antonio Buero Vallejo, Miguel Sierra y otros&#8230; hasta 30 y me he interesado por todo lo que pueda enriquecerm<\/em>e como persona.<\/p>\n\n<\/div>\n<\/div>\n\n<div class=\"gb-container gb-container-02fbf68e\">\n\n<p><\/p>\n\n\n\n<p class=\"has-medium-font-size\" style=\"padding-top:var(--wp--preset--spacing--50);padding-right:var(--wp--preset--spacing--80);padding-bottom:var(--wp--preset--spacing--50);padding-left:var(--wp--preset--spacing--80)\">ESCENOGRAF\u00cdAS<\/p>\n\n\n<div class=\"gb-grid-wrapper gb-grid-wrapper-dca675a5\">\n<div class=\"gb-grid-column gb-grid-column-58a3ce39\"><div class=\"gb-container gb-container-58a3ce39\">\n\n<figure class=\"wp-block-image size-full is-resized\" style=\"margin-top:var(--wp--preset--spacing--50);margin-right:var(--wp--preset--spacing--50);margin-bottom:var(--wp--preset--spacing--50);margin-left:var(--wp--preset--spacing--50)\"><img loading=\"lazy\" decoding=\"async\" width=\"500\" height=\"261\" src=\"https:\/\/vicentevela.es\/wp-content\/uploads\/2025\/05\/CON-ALFONSO-PASO-600PX.webp\" alt=\"\" class=\"wp-image-301\" style=\"width:326px;height:auto\" srcset=\"https:\/\/vicentevela.es\/wp-content\/uploads\/2025\/05\/CON-ALFONSO-PASO-600PX.webp 500w, https:\/\/vicentevela.es\/wp-content\/uploads\/2025\/05\/CON-ALFONSO-PASO-600PX-300x157.webp 300w\" sizes=\"auto, (max-width: 500px) 100vw, 500px\" \/><figcaption class=\"wp-element-caption\">Vicente Vela  con Antonio Buero Vallejo<\/figcaption><\/figure>\n\n<\/div><\/div>\n\n<div class=\"gb-grid-column gb-grid-column-0e0780a1\"><div class=\"gb-container gb-container-0e0780a1\">\n\n<figure class=\"wp-block-image size-large is-resized\" style=\"margin-top:var(--wp--preset--spacing--40);margin-right:var(--wp--preset--spacing--50);margin-bottom:var(--wp--preset--spacing--40);margin-left:var(--wp--preset--spacing--50)\"><img loading=\"lazy\" decoding=\"async\" width=\"1024\" height=\"724\" src=\"https:\/\/vicentevela.es\/wp-content\/uploads\/2025\/02\/VICENTE-VELA-CON-ANTONIO-GALA-1024x724.webp\" alt=\"Vicente Vela con Antonio Gala\" class=\"wp-image-134\" style=\"width:250px;height:auto\" srcset=\"https:\/\/vicentevela.es\/wp-content\/uploads\/2025\/02\/VICENTE-VELA-CON-ANTONIO-GALA-1024x724.webp 1024w, https:\/\/vicentevela.es\/wp-content\/uploads\/2025\/02\/VICENTE-VELA-CON-ANTONIO-GALA-300x212.webp 300w, https:\/\/vicentevela.es\/wp-content\/uploads\/2025\/02\/VICENTE-VELA-CON-ANTONIO-GALA-768x543.webp 768w, https:\/\/vicentevela.es\/wp-content\/uploads\/2025\/02\/VICENTE-VELA-CON-ANTONIO-GALA-1536x1086.webp 1536w, https:\/\/vicentevela.es\/wp-content\/uploads\/2025\/02\/VICENTE-VELA-CON-ANTONIO-GALA.webp 1920w\" sizes=\"auto, (max-width: 1024px) 100vw, 1024px\" \/><figcaption class=\"wp-element-caption\">Vicente Vela con Antonio Gala<\/figcaption><\/figure>\n\n<\/div><\/div>\n<\/div>\n<\/div>\n\n\n<p class=\"has-medium-font-size\" style=\"margin-top:0;margin-right:var(--wp--preset--spacing--60);margin-bottom:0;margin-left:var(--wp--preset--spacing--60);padding-top:0;padding-right:var(--wp--preset--spacing--70);padding-bottom:0;padding-left:var(--wp--preset--spacing--70)\">Desde muy joven Vicente hac\u00eda  teatros en miniatura para divertir a su familia. Los vecinos de La calle del Sol en Jerez de la Frontera se quedaban maravillados ante sus creaciones.<\/p>\n\n\n\n<p class=\"has-medium-font-size\" style=\"margin-top:0;margin-right:var(--wp--preset--spacing--60);margin-bottom:0;margin-left:var(--wp--preset--spacing--60);padding-top:0;padding-right:var(--wp--preset--spacing--70);padding-bottom:0;padding-left:var(--wp--preset--spacing--70)\">Con 11 a\u00f1os hizo un peque\u00f1o caballo tallado en corcho que arrastraba una caja de cerillas llena de mu\u00f1equitas con la cara pintada en un garbanzo. Peg\u00f3 una chincheta met\u00e1lica en la base de cada uno y con un im\u00e1n por debajo los paseaba sobre un cart\u00f3n.<\/p>\n\n\n\n<p class=\"has-medium-font-size\" style=\"margin-top:0;margin-right:var(--wp--preset--spacing--60);margin-bottom:0;margin-left:var(--wp--preset--spacing--60);padding-top:0;padding-right:var(--wp--preset--spacing--70);padding-bottom:0;padding-left:var(--wp--preset--spacing--70)\">Los amigos re\u00edan mucho al ver como barr\u00eda el escenario una mu\u00f1eca con una escobita.<\/p>\n\n\n\n<p class=\"has-medium-font-size\" style=\"margin-top:0;margin-right:var(--wp--preset--spacing--60);margin-bottom:0;margin-left:var(--wp--preset--spacing--60);padding-top:0;padding-right:var(--wp--preset--spacing--70);padding-bottom:0;padding-left:var(--wp--preset--spacing--70)\">Pintaba los carteles de las pel\u00edculas a cambio de entradas.<\/p>\n\n\n\n<p class=\"has-medium-font-size\" style=\"margin-top:0;margin-right:var(--wp--preset--spacing--60);margin-bottom:0;margin-left:var(--wp--preset--spacing--60);padding-top:0;padding-right:var(--wp--preset--spacing--70);padding-bottom:0;padding-left:var(--wp--preset--spacing--70)\">Tambi\u00e9n hizo un escaparate que gan\u00f3 el primer premio de la fiesta de la Vendimia . El premio de 500 pesetas se lo dio a su madre para comprar comida. Tal era su nivel de pobreza.<\/p>\n\n\n\n<p class=\"has-medium-font-size\" style=\"margin-top:0;margin-right:var(--wp--preset--spacing--60);margin-bottom:0;margin-left:var(--wp--preset--spacing--60);padding-top:0;padding-right:var(--wp--preset--spacing--70);padding-bottom:0;padding-left:var(--wp--preset--spacing--70)\">En los bares pintaba las tapas del rev\u00e9s en un espejo y al darle la vuelta se le\u00edan perfectamente.<\/p>\n\n\n\n<p class=\"has-medium-font-size\" style=\"margin-top:0;margin-right:var(--wp--preset--spacing--60);margin-bottom:0;margin-left:var(--wp--preset--spacing--60);padding-top:0;padding-right:var(--wp--preset--spacing--70);padding-bottom:0;padding-left:var(--wp--preset--spacing--70)\">En la mili hac\u00eda los planos para un capit\u00e1n de topograf\u00eda. <\/p>\n\n\n\n<p class=\"has-medium-font-size\" style=\"margin-top:0;margin-right:var(--wp--preset--spacing--60);margin-bottom:0;margin-left:var(--wp--preset--spacing--60);padding-top:0;padding-right:var(--wp--preset--spacing--70);padding-bottom:0;padding-left:var(--wp--preset--spacing--70)\">Todas sus actividades siempre han estado ligadas a las artes.<\/p>\n\n\n\n<div style=\"height:176px\" aria-hidden=\"true\" class=\"wp-block-spacer\"><\/div>\n\n\n\n<p class=\"has-large-font-size\" style=\"margin-right:0;margin-left:0;padding-top:0;padding-right:var(--wp--preset--spacing--70);padding-bottom:0;padding-left:var(--wp--preset--spacing--70)\">PARROQUIA DE NUESTRA SE\u00d1ORA DEL RECUERDO<\/p>\n\n\n\n<div class=\"wp-block-media-text is-stacked-on-mobile\"><figure class=\"wp-block-media-text__media\"><img loading=\"lazy\" decoding=\"async\" width=\"1024\" height=\"785\" src=\"https:\/\/vicentevela.es\/wp-content\/uploads\/2025\/05\/FOTOS-IGLESIA-1-1024x785.jpg\" alt=\"\" class=\"wp-image-296 size-full\" srcset=\"https:\/\/vicentevela.es\/wp-content\/uploads\/2025\/05\/FOTOS-IGLESIA-1-1024x785.jpg 1024w, https:\/\/vicentevela.es\/wp-content\/uploads\/2025\/05\/FOTOS-IGLESIA-1-300x230.jpg 300w, https:\/\/vicentevela.es\/wp-content\/uploads\/2025\/05\/FOTOS-IGLESIA-1-768x589.jpg 768w, https:\/\/vicentevela.es\/wp-content\/uploads\/2025\/05\/FOTOS-IGLESIA-1.jpg 1380w\" sizes=\"auto, (max-width: 1024px) 100vw, 1024px\" \/><\/figure><div class=\"wp-block-media-text__content\">\n<p style=\"font-size:18px\">Un d\u00eda el arquitecto que construy\u00f3 la iglesia, Eduardo Navarro Pallares, le pregunt\u00f3 a Vicente Vela&nbsp;<\/p>\n\n\n\n<p class=\"has-medium-font-size\" style=\"margin-top:0;margin-right:var(--wp--preset--spacing--70);margin-bottom:0;margin-left:var(--wp--preset--spacing--70);padding-top:0;padding-right:var(--wp--preset--spacing--70);padding-bottom:0;padding-left:var(--wp--preset--spacing--70)\">&#8211; \u00bfOye, t\u00fa no conocer\u00e1s\u00a0a alg\u00fan pintor interesado en pintar un fresco en una iglesia a cambio de salvar su alma?<\/p>\n\n\n\n<p class=\"has-medium-font-size\" style=\"margin-top:0;margin-right:var(--wp--preset--spacing--70);margin-bottom:0;margin-left:var(--wp--preset--spacing--70);padding-top:0;padding-right:var(--wp--preset--spacing--70);padding-bottom:0;padding-left:var(--wp--preset--spacing--70)\">Porque no va a haber retribuci\u00f3n econ\u00f3mica.&nbsp; <\/p>\n\n\n\n<p class=\"has-medium-font-size\" style=\"margin-top:0;margin-right:var(--wp--preset--spacing--20);margin-bottom:0;margin-left:var(--wp--preset--spacing--20);padding-top:0;padding-right:0;padding-bottom:0;padding-left:0\">A lo que Vicente contest\u00f3:<\/p>\n\n\n\n<p class=\"has-medium-font-size\" style=\"margin-right:var(--wp--preset--spacing--70);margin-left:var(--wp--preset--spacing--70);padding-right:var(--wp--preset--spacing--70);padding-left:var(--wp--preset--spacing--70)\">&#8211;<em><strong>Yo mismo, a cambio de salvar mi alma pinto lo que quieras.<\/strong><\/em><\/p>\n<\/div><\/div>\n\n\n<div class=\"gb-container gb-container-55ab43bd alignfull\"><\/div>\n\n\n<p>Parroquia de Nuestra Se\u00f1ora del Recuerdo &#8211; Madrid<\/p>\n","protected":false},"excerpt":{"rendered":"<p>Yo he sido siempre un gran trabajador y a pesar de haber empleado parte de mi tiempo en el dise\u00f1o [&hellip;]<\/p>\n","protected":false},"author":1,"featured_media":0,"parent":0,"menu_order":0,"comment_status":"closed","ping_status":"closed","template":"","meta":{"_gspb_post_css":"","site-sidebar-layout":"default","site-content-layout":"","ast-site-content-layout":"","site-content-style":"default","site-sidebar-style":"default","ast-global-header-display":"","ast-banner-title-visibility":"","ast-main-header-display":"","ast-hfb-above-header-display":"","ast-hfb-below-header-display":"","ast-hfb-mobile-header-display":"","site-post-title":"","ast-breadcrumbs-content":"","ast-featured-img":"","footer-sml-layout":"","theme-transparent-header-meta":"","adv-header-id-meta":"","stick-header-meta":"","header-above-stick-meta":"","header-main-stick-meta":"","header-below-stick-meta":"","astra-migrate-meta-layouts":"default","ast-page-background-enabled":"default","ast-page-background-meta":{"desktop":{"background-color":"var(--ast-global-color-4)","background-image":"","background-repeat":"repeat","background-position":"center center","background-size":"auto","background-attachment":"scroll","background-type":"","background-media":"","overlay-type":"","overlay-color":"","overlay-opacity":"","overlay-gradient":""},"tablet":{"background-color":"","background-image":"","background-repeat":"repeat","background-position":"center center","background-size":"auto","background-attachment":"scroll","background-type":"","background-media":"","overlay-type":"","overlay-color":"","overlay-opacity":"","overlay-gradient":""},"mobile":{"background-color":"","background-image":"","background-repeat":"repeat","background-position":"center center","background-size":"auto","background-attachment":"scroll","background-type":"","background-media":"","overlay-type":"","overlay-color":"","overlay-opacity":"","overlay-gradient":""}},"ast-content-background-meta":{"desktop":{"background-color":"var(--ast-global-color-5)","background-image":"","background-repeat":"repeat","background-position":"center center","background-size":"auto","background-attachment":"scroll","background-type":"","background-media":"","overlay-type":"","overlay-color":"","overlay-opacity":"","overlay-gradient":""},"tablet":{"background-color":"var(--ast-global-color-5)","background-image":"","background-repeat":"repeat","background-position":"center center","background-size":"auto","background-attachment":"scroll","background-type":"","background-media":"","overlay-type":"","overlay-color":"","overlay-opacity":"","overlay-gradient":""},"mobile":{"background-color":"var(--ast-global-color-5)","background-image":"","background-repeat":"repeat","background-position":"center center","background-size":"auto","background-attachment":"scroll","background-type":"","background-media":"","overlay-type":"","overlay-color":"","overlay-opacity":"","overlay-gradient":""}},"footnotes":""},"class_list":["post-292","page","type-page","status-publish","hentry"],"_links":{"self":[{"href":"https:\/\/vicentevela.es\/index.php\/wp-json\/wp\/v2\/pages\/292","targetHints":{"allow":["GET"]}}],"collection":[{"href":"https:\/\/vicentevela.es\/index.php\/wp-json\/wp\/v2\/pages"}],"about":[{"href":"https:\/\/vicentevela.es\/index.php\/wp-json\/wp\/v2\/types\/page"}],"author":[{"embeddable":true,"href":"https:\/\/vicentevela.es\/index.php\/wp-json\/wp\/v2\/users\/1"}],"replies":[{"embeddable":true,"href":"https:\/\/vicentevela.es\/index.php\/wp-json\/wp\/v2\/comments?post=292"}],"version-history":[{"count":39,"href":"https:\/\/vicentevela.es\/index.php\/wp-json\/wp\/v2\/pages\/292\/revisions"}],"predecessor-version":[{"id":425,"href":"https:\/\/vicentevela.es\/index.php\/wp-json\/wp\/v2\/pages\/292\/revisions\/425"}],"wp:attachment":[{"href":"https:\/\/vicentevela.es\/index.php\/wp-json\/wp\/v2\/media?parent=292"}],"curies":[{"name":"wp","href":"https:\/\/api.w.org\/{rel}","templated":true}]}}

ESCENOGRAFÍAS Y MÁS

<div class="gb-container gb-container-e48573b9">
<div class="gb-container gb-container-089f55f3 alignfull">

<p class="has-medium-font-size" style="margin-top:var(--wp--preset--spacing--50);margin-right:var(--wp--preset--spacing--50);margin-bottom:var(--wp--preset--spacing--50);margin-left:var(--wp--preset--spacing--50)"><br><em>Yo he sido siempre un gran trabajador y a pesar de haber empleado parte de mi tiempo en el diseño eso no ha restado el haber hecho más de 50 exposiciones individuales en España y fuera de ella. He participado en certámenes internacionales, bienales y muestras colectivas que suman en mi haber más de 150 participaciones.  Me ha sobrado tiempo para hacer escenografías de teatro para Antonio Gala, <em>Jaime Salom</em></em>,<em> Antonio Buero Vallejo, Miguel Sierra y otros&#8230; hasta 30 y me he interesado por todo lo que pueda enriquecerm</em>e como persona.</p>

</div>
</div>

<div class="gb-container gb-container-02fbf68e">

<p></p>



<p class="has-medium-font-size" style="padding-top:var(--wp--preset--spacing--50);padding-right:var(--wp--preset--spacing--80);padding-bottom:var(--wp--preset--spacing--50);padding-left:var(--wp--preset--spacing--80)">ESCENOGRAFÍAS</p>


<div class="gb-grid-wrapper gb-grid-wrapper-dca675a5">
<div class="gb-grid-column gb-grid-column-58a3ce39"><div class="gb-container gb-container-58a3ce39">

<figure class="wp-block-image size-full is-resized" style="margin-top:var(--wp--preset--spacing--50);margin-right:var(--wp--preset--spacing--50);margin-bottom:var(--wp--preset--spacing--50);margin-left:var(--wp--preset--spacing--50)"><img loading="lazy" decoding="async" width="500" height="261" src="https://vicentevela.es/wp-content/uploads/2025/05/CON-ALFONSO-PASO-600PX.webp" alt="" class="wp-image-301" style="width:326px;height:auto" srcset="https://vicentevela.es/wp-content/uploads/2025/05/CON-ALFONSO-PASO-600PX.webp 500w, https://vicentevela.es/wp-content/uploads/2025/05/CON-ALFONSO-PASO-600PX-300x157.webp 300w" sizes="auto, (max-width: 500px) 100vw, 500px" /><figcaption class="wp-element-caption">Vicente Vela  con Antonio Buero Vallejo</figcaption></figure>

</div></div>

<div class="gb-grid-column gb-grid-column-0e0780a1"><div class="gb-container gb-container-0e0780a1">

<figure class="wp-block-image size-large is-resized" style="margin-top:var(--wp--preset--spacing--40);margin-right:var(--wp--preset--spacing--50);margin-bottom:var(--wp--preset--spacing--40);margin-left:var(--wp--preset--spacing--50)"><img loading="lazy" decoding="async" width="1024" height="724" src="https://vicentevela.es/wp-content/uploads/2025/02/VICENTE-VELA-CON-ANTONIO-GALA-1024x724.webp" alt="Vicente Vela con Antonio Gala" class="wp-image-134" style="width:250px;height:auto" srcset="https://vicentevela.es/wp-content/uploads/2025/02/VICENTE-VELA-CON-ANTONIO-GALA-1024x724.webp 1024w, https://vicentevela.es/wp-content/uploads/2025/02/VICENTE-VELA-CON-ANTONIO-GALA-300x212.webp 300w, https://vicentevela.es/wp-content/uploads/2025/02/VICENTE-VELA-CON-ANTONIO-GALA-768x543.webp 768w, https://vicentevela.es/wp-content/uploads/2025/02/VICENTE-VELA-CON-ANTONIO-GALA-1536x1086.webp 1536w, https://vicentevela.es/wp-content/uploads/2025/02/VICENTE-VELA-CON-ANTONIO-GALA.webp 1920w" sizes="auto, (max-width: 1024px) 100vw, 1024px" /><figcaption class="wp-element-caption">Vicente Vela con Antonio Gala</figcaption></figure>

</div></div>
</div>
</div>


<p class="has-medium-font-size" style="margin-top:0;margin-right:var(--wp--preset--spacing--60);margin-bottom:0;margin-left:var(--wp--preset--spacing--60);padding-top:0;padding-right:var(--wp--preset--spacing--70);padding-bottom:0;padding-left:var(--wp--preset--spacing--70)">Desde muy joven Vicente hacía  teatros en miniatura para divertir a su familia. Los vecinos de La calle del Sol en Jerez de la Frontera se quedaban maravillados ante sus creaciones.</p>



<p class="has-medium-font-size" style="margin-top:0;margin-right:var(--wp--preset--spacing--60);margin-bottom:0;margin-left:var(--wp--preset--spacing--60);padding-top:0;padding-right:var(--wp--preset--spacing--70);padding-bottom:0;padding-left:var(--wp--preset--spacing--70)">Con 11 años hizo un pequeño caballo tallado en corcho que arrastraba una caja de cerillas llena de muñequitas con la cara pintada en un garbanzo. Pegó una chincheta metálica en la base de cada uno y con un imán por debajo los paseaba sobre un cartón.</p>



<p class="has-medium-font-size" style="margin-top:0;margin-right:var(--wp--preset--spacing--60);margin-bottom:0;margin-left:var(--wp--preset--spacing--60);padding-top:0;padding-right:var(--wp--preset--spacing--70);padding-bottom:0;padding-left:var(--wp--preset--spacing--70)">Los amigos reían mucho al ver como barría el escenario una muñeca con una escobita.</p>



<p class="has-medium-font-size" style="margin-top:0;margin-right:var(--wp--preset--spacing--60);margin-bottom:0;margin-left:var(--wp--preset--spacing--60);padding-top:0;padding-right:var(--wp--preset--spacing--70);padding-bottom:0;padding-left:var(--wp--preset--spacing--70)">Pintaba los carteles de las películas a cambio de entradas.</p>



<p class="has-medium-font-size" style="margin-top:0;margin-right:var(--wp--preset--spacing--60);margin-bottom:0;margin-left:var(--wp--preset--spacing--60);padding-top:0;padding-right:var(--wp--preset--spacing--70);padding-bottom:0;padding-left:var(--wp--preset--spacing--70)">También hizo un escaparate que ganó el primer premio de la fiesta de la Vendimia . El premio de 500 pesetas se lo dio a su madre para comprar comida. Tal era su nivel de pobreza.</p>



<p class="has-medium-font-size" style="margin-top:0;margin-right:var(--wp--preset--spacing--60);margin-bottom:0;margin-left:var(--wp--preset--spacing--60);padding-top:0;padding-right:var(--wp--preset--spacing--70);padding-bottom:0;padding-left:var(--wp--preset--spacing--70)">En los bares pintaba las tapas del revés en un espejo y al darle la vuelta se leían perfectamente.</p>



<p class="has-medium-font-size" style="margin-top:0;margin-right:var(--wp--preset--spacing--60);margin-bottom:0;margin-left:var(--wp--preset--spacing--60);padding-top:0;padding-right:var(--wp--preset--spacing--70);padding-bottom:0;padding-left:var(--wp--preset--spacing--70)">En la mili hacía los planos para un capitán de topografía. </p>



<p class="has-medium-font-size" style="margin-top:0;margin-right:var(--wp--preset--spacing--60);margin-bottom:0;margin-left:var(--wp--preset--spacing--60);padding-top:0;padding-right:var(--wp--preset--spacing--70);padding-bottom:0;padding-left:var(--wp--preset--spacing--70)">Todas sus actividades siempre han estado ligadas a las artes.</p>



<div style="height:176px" aria-hidden="true" class="wp-block-spacer"></div>



<p class="has-large-font-size" style="margin-right:0;margin-left:0;padding-top:0;padding-right:var(--wp--preset--spacing--70);padding-bottom:0;padding-left:var(--wp--preset--spacing--70)">PARROQUIA DE NUESTRA SEÑORA DEL RECUERDO</p>



<div class="wp-block-media-text is-stacked-on-mobile"><figure class="wp-block-media-text__media"><img loading="lazy" decoding="async" width="1024" height="785" src="https://vicentevela.es/wp-content/uploads/2025/05/FOTOS-IGLESIA-1-1024x785.jpg" alt="" class="wp-image-296 size-full" srcset="https://vicentevela.es/wp-content/uploads/2025/05/FOTOS-IGLESIA-1-1024x785.jpg 1024w, https://vicentevela.es/wp-content/uploads/2025/05/FOTOS-IGLESIA-1-300x230.jpg 300w, https://vicentevela.es/wp-content/uploads/2025/05/FOTOS-IGLESIA-1-768x589.jpg 768w, https://vicentevela.es/wp-content/uploads/2025/05/FOTOS-IGLESIA-1.jpg 1380w" sizes="auto, (max-width: 1024px) 100vw, 1024px" /></figure><div class="wp-block-media-text__content">
<p style="font-size:18px">Un día el arquitecto que construyó la iglesia, Eduardo Navarro Pallares, le preguntó a Vicente Vela&nbsp;</p>



<p class="has-medium-font-size" style="margin-top:0;margin-right:var(--wp--preset--spacing--70);margin-bottom:0;margin-left:var(--wp--preset--spacing--70);padding-top:0;padding-right:var(--wp--preset--spacing--70);padding-bottom:0;padding-left:var(--wp--preset--spacing--70)">&#8211; ¿Oye, tú no conocerás a algún pintor interesado en pintar un fresco en una iglesia a cambio de salvar su alma?</p>



<p class="has-medium-font-size" style="margin-top:0;margin-right:var(--wp--preset--spacing--70);margin-bottom:0;margin-left:var(--wp--preset--spacing--70);padding-top:0;padding-right:var(--wp--preset--spacing--70);padding-bottom:0;padding-left:var(--wp--preset--spacing--70)">Porque no va a haber retribución económica.&nbsp; </p>



<p class="has-medium-font-size" style="margin-top:0;margin-right:var(--wp--preset--spacing--20);margin-bottom:0;margin-left:var(--wp--preset--spacing--20);padding-top:0;padding-right:0;padding-bottom:0;padding-left:0">A lo que Vicente contestó:</p>



<p class="has-medium-font-size" style="margin-right:var(--wp--preset--spacing--70);margin-left:var(--wp--preset--spacing--70);padding-right:var(--wp--preset--spacing--70);padding-left:var(--wp--preset--spacing--70)">&#8211;<em><strong>Yo mismo, a cambio de salvar mi alma pinto lo que quieras.</strong></em></p>
</div></div>


<div class="gb-container gb-container-55ab43bd alignfull"></div>


<p>Parroquia de Nuestra Señora del Recuerdo &#8211; Madrid</p>

<p>Yo he sido siempre un gran trabajador y a pesar de haber empleado parte de mi tiempo en el diseño [&hellip;]</p>
